 divide 11445645?
False
Does 4 divide 2061168?
True
Is 20912325 a multiple of 183?
True
Does 1180 divide 106093491?
False
Does 1397 divide 41821989?
True
Is 8 a factor of 2562399377?
False
Is 73158402 a multiple of 3?
True
Is 863456124 a multiple of 111?
True
Is 41541568 a multiple of 265?
False
Is 177940572 a multiple of 8164?
False
Does 16 divide 55995307?
False
Does 5 divide 76394500?
True
Is 139 a factor of 85106076?
False
Does 2364 divide 969138841?
False
Is 5624124 a multiple of 22?
True
Is 613921771 a multiple of 4?
False
Does 496 divide 8373433?
False
Is 8372462 a multiple of 29?
False
Is 55132290 a multiple of 615?
True
Is 992 a factor of 77329132?
False
Is 38454193 a multiple of 235?
False
Is 32264704 a multiple of 928?
True
Does 6 divide 3891273?
False
Is 12 a factor of 643143?
False
Is 516 a factor of 186452426?
False
Is 2501887 a multiple of 112?
False
Does 1770 divide 103398529?
False
Is 46 a factor of 82306637?
False
Does 24 divide 95662456?
False
Is 69421973 a multiple of 1276?
False
Does 4 divide 88493572?
True
Is 17 a factor of 85797997?
True
Is 39 a factor of 866886430?
False
Is 64 a factor of 278857408?
True
Does 27 divide 16804773?
True
Does 148 divide 29143124?
True
Is 6 a factor of 56473261?
False
Does 28 divide 546612973?
False
Is 124 a factor of 93452600?
True
Is 2136340906 a multiple of 16?
False
Is 11 a factor of 71461198?
False
Does 23 divide 852832?
False
Is 4381408 a multiple of 6?
False
Does 534 divide 147842583?
False
Is 10430617 a multiple of 130?
False
Does 403 divide 100482061?
False
Is 31 a factor of 3139095?
False
Is 2048731 a multiple of 24?
False
Is 73 a factor of 7408989?
True
Is 24 a factor of 44656476?
False
Is 2078 a factor of 374222636?
False
Does 439 divide 4050214?
True
Is 103534343 a multiple of 1048?
False
Is 736813872 a multiple of 48?
True
Is 8 a factor of 78962959?
False
Is 105797699 a multiple of 217?
True
Does 6094 divide 2152899519?
False
Is 3147 a factor of 391455027?
False
Is 522779250 a multiple of 17?
False
Does 45 divide 130578064?
False
Is 297625355 a multiple of 205?
True
Is 56175712 a multiple of 32?
True
Is 415977886 a multiple of 66?
False
Is 337 a factor of 10512715?
True
Is 10781821 a multiple of 246?
False
Is 13 a factor of 412415991?
True
Is 13100902 a multiple of 280?
False
Is 67 a factor of 4319214820?
False
Does 8 divide 134719675?
False
Is 13 a factor of 49551930?
False
Does 43 divide 37630927?
False
Is 13042713 a multiple of 839?
False
Is 331921763 a multiple of 1263?
False
Is 22 a factor of 1060105332?
True
Is 205 a factor of 705628860?
True
Is 19520155 a multiple of 5?
True
Does 28 divide 1055129684?
True
Does 183 divide 102556239?
False
Is 10 a factor of 600383730?
True
Is 3871 a factor of 1170524593?
True
Is 48 a factor of 1120683312?
True
Is 409718700 a multiple of 3825?
True
Is 15 a factor of 686417325?
True
Is 195 a factor of 3893239139?
False
Is 175910805 a multiple of 21?
True
Is 18884685 a multiple of 183?
True
Is 15 a factor of 1146015?
True
Is 664 a factor of 17242974?
False
Is 284 a factor of 79356700?
True
Is 9586552 a multiple of 16?
False
Is 155517451 a multiple of 20?
False
Does 35 divide 1976835?
True
Does 3642 divide 604841508?
True
Does 361 divide 79589759?
False
Is 54374805 a multiple of 873?
True
Is 100 a factor of 89641700?
True
Is 542 a factor of 17224218?
True
Is 10 a factor of 583377207?
False
Is 306 a factor of 836048405?
False
Is 38164562 a multiple of 215?
False
Is 218 a factor of 2270340508?
True
Does 44 divide 33272339?
False
Is 15 a factor of 106085160?
True
Is 21872305 a multiple of 91?
True
Does 1905 divide 49937670?
True
Does 120 divide 1209419222?
False
Is 525 a factor of 23566725?
True
Is 258027433 a multiple of 40?
False
Is 76270530 a multiple of 93?
False
Is 3779116150 a multiple of 425?
True
Is 157 a factor of 1007596124?
False
Is 1375761264 a multiple of 3574?
True
Does 8 divide 51158109?
False
Does 88 divide 10909053?
False
Is 48345749 a multiple of 3446?
False
Does 361 divide 327631443?
False
Is 3619136849 a multiple of 118?
False
Does 57 divide 1373985114?
True
Is 1739682510 a multiple of 690?
True
Is 106546521 a multiple of 611?
False
Does 16 divide 10511888?
True
Is 544 a factor of 45141664?
True
Does 6 divide 185177384?
False
Does 22 divide 476287319?
False
Is 15 a factor of 359328647?
False
Is 5819094 a multiple of 599?
False
Does 1780 divide 38454058?
False
Is 674 a factor of 110585876?
True
Does 19 divide 64525010?
False
Is 65 a factor of 226645835?
True
Does 1369 divide 60036126?
True
Is 3759 a factor of 573532232?
False
Does 235 divide 404637391?
False
Is 8 a factor of 1248081160?
True
Is 206 a factor of 18381586?
True
Does 6 divide 12070108?
False
Does 6 divide 885528072?
True
Is 22039178 a multiple of 3?
False
Does 24 divide 17987912?
False
Is 2334 a factor of 66050903?
False
Is 283178 a multiple of 179?
True
Is 346520901 a multiple of 339?
False
Does 101 divide 1885771?
True
Does 17 divide 15359106?
False
Is 108 a factor of 52342092?
True
Does 350 divide 1504332367?
False
Does 32 divide 14621760?
True
Does 26 divide 6743622596?
False
Does 269 divide 6807869?
False
Is 149 a factor of 1284738764?
False
Is 71744334 a multiple of 502?
True
Is 40 a factor of 21985000?
True
Is 156 a factor of 74942400?
True
Is 8 a factor of 391526000?
True
Is 1266843644 a multiple of 2129?
False
Is 90785871 a multiple of 6?
False
Is 734 a factor of 32295137?
False
Does 2026 divide 19986490?
True
Does 10 divide 80489920?
True
Is 119 a factor of 29415084?
False
Is 1786414606 a multiple of 11?
False
Is 319803237 a multiple of 272?
False
Is 69 a factor of 179039588?
False
Is 1399891788 a multiple of 108?
True
Does 175 divide 29434825?
True
Is 11112927 a multiple of 84?
False
Does 10452 divide 184120031?
False
Does 80 divide 407987282?
False
Is 510557945 a multiple of 235?
True
Does 529 divide 5077342?
True
Does 1022 divide 9734550?
True
Is 47 a factor of 55956273?
True
Is 162470409 a multiple of 3?
True
Is 56 a factor of 11239740?
False
Does 384 divide 69508992?
True
Does 3 divide 254630897?
False
Is 206 a factor of 14823760?
True
Does 316 divide 218280000?
False
Does 9829 divide 336830001?
True
Is 81935536 a multiple of 16?
True
Does 48 divide 50355120?
True
Is 1825 a factor of 60865839?
False
Is 2035 a factor of 41939315?
True
Does 21 divide 2291767781?
False
Does 47 divide 44551958?
True
Does 277 divide 168358938?
True
Does 855 divide 5476923?
False
Does 25 divide 473253075?
True
Does 810 divide 14529480?
False
Is 308728 a multiple of 56?
True
Does 1865 divide 55826179?
False
Does 44 divide 65610248?
True
Is 52 a factor of 2240836?
True
Is 1130767196 a multiple of 400?
False
Is 13 a factor of 38401350?
True
Is 921 a factor of 5692701?
True
Is 88552213 a multiple of 6?
False
Does 58 divide 247238688?
True
Is 23 a factor of 83951165?
False
Is 1497312053 a multiple of 8?
False
Does 87 divide 9707913?
False
Is 1057 a factor of 2355266712?
False
Does 15 divide 36665105?
False
Is 22430957 a multiple of 86?
False
Is 63 a factor of 3291116976?
True
Is 10 a factor of 644210?
True
Does 44 divide 116048446?
False
Is 8 a factor of 412467556?
False
Is 7523131 a multiple of 246?
False
Is 1069115572 a multiple of 14?
True
Does 499 divide 4263238436?
True
Is 195401844 a multiple of 44?
True
Does 178 divide 536287259?
False
Is 13526214 a multiple of 726?
False
Is 107 a factor of 147909?
False
Does 502 divide 169858012?
False
Is 439 a factor of 221356433?
False
Is 33 a factor of 586356803?
False
Is 20690754 a multiple of 322?
True
Is 15 a factor of 1025690858?
False
Is 703 a factor of 4626443?
True
Is 51875577 a multiple of 1131?
True
Does 5 divide 425896367?
False
Is 4905124 a multiple of 14?
True
Does 459 divide 77411931?
False
Is 99 a factor of 5763170472?
False
Does 2979 divide 52259919?
False
Is 902 a factor of 640944269?
False
Does 1010 divide 90873740?
True
Is 375 a factor of 49369607?
False
Is 15 a factor of 136829835?
True
Is 380963294 a multiple of 29?
False
Is 167 a factor of 73724462?
False
Is 15643605 a multiple of 15?
True
Does 130 divide 185369108?
False
Is 70240896 a multiple of 1446?
True
Is 76217151 a multiple of 19?
True
Is 18495495 a multiple of 15?
True
Does 470 divide 6560248?
False
Is 40340588 a multiple of 221?
False
Is 793548965 